 be (-1)/(-4) + 23/4. Suppose 55*i - 10961 = -42*i. What is the units digit of i + 1 + (2 - k)?
0
Suppose 6396 = -72*v + 153924. What is the units digit of v?
9
Suppose 7*l + 2984 = 2*g + 6*l, 2*l - 4462 = -3*g. What is the tens digit of g?
9
Let d be (-6 + (-20)/(-6))*(-3378)/4. Suppose -3*m - 2*g = 3*g - d, -m + 760 = -3*g. What is the tens digit of m?
5
Suppose -q = -4*c - 4 + 5, 4*q + 19 = c. What is the tens digit of 219 - 0 - (q + 6)?
1
Let v be (-410)/14 + (-36)/(-126). Let m = v + 76. Let c = m - -3. What is the tens digit of c?
5
Let a = -11 + 11. Suppose -3*w - 3*i + 48 = 0, -2*w = -a*i + 4*i - 26. Suppose 16*v - w*v = -486. What is the units digit of v?
2
Let g(a) be the first derivative of 7*a - 5/3*a**3 - 7/2*a**2 + 12 - 1/4*a**4. What is the tens digit of g(-6)?
8
Suppose 5*i - 3*j - 52650 = 0, -12*i + 7*i - 5*j = -52690. What is the ten thousands digit of i?
1
What is the units digit of (-836523)/(-123) + (9 - 1)?
9
Let q = -2457 + 3592. Suppose 5*u - 50 = -0*u. Suppose -u*m - q = -15*m. What is the units digit of m?
7
Let g be (99*1)/(-2*21/28). Let j = g - -125. Suppose -3*r + 13 = -j. What is the tens digit of r?
2
Let n(r) = -10*r**2 - 32*r. Let x be n(9). Let d = -693 - x. What is the tens digit of d?
0
What is the tens digit of -16 - 15/(300/(-30520))?
1
Let s = 4395 + 4084. What is the thousands digit of s?
8
Suppose -3960257 = -38*f - 251*f + 66*f. What is the thousands digit of f?
7
Suppose -578827 = -23*v + 1308944. What is the hundreds digit of v?
0
Suppose 135 = 9*w - 270. Let b = w + -42. What is the units digit of b?
3
What is the hundreds digit of (-3974 + -110)/((-2)/6)?
2
Let a(g) be the second derivative of 0 + 6*g + 9/2*g**2 - 4/3*g**3. What is the tens digit of a(-4)?
4
What is the hundreds digit of (0/(11 - 17))/(-2) - -31237?
2
Let r(j) = -j**3 - 3*j**2 + 6*j + 3. Let s(c) = -c**2 - 10*c - 13. Let n be s(-9). Let a be r(n). What is the units digit of -2*(-6)/(-20) - 363/a?
2
Suppose -5*q + 19897 = -19*c + 18*c, 2*q = c + 7960. What is the tens digit of q?
7
Let c(x) = -x**3 - 10*x**2 - 5*x + 2. Let j be c(-13). Let k = 1126 - j. What is the tens digit of k?
5
Let g = 119 + -84. Suppose 0 = -w - 32 + g. Suppose w*k - 67 = 182. What is the tens digit of k?
8
Let l(r) = -r**3 + 91*r**2 + 1915*r + 259. What is the ten thousands digit of l(102)?
8
What is the units digit of (-358)/(-4)*(7 - (-12 + -171))?
5
Let t(c) = 83*c**2 + 35*c + 641. What is the units digit of t(25)?
1
Let y(u) = -68*u**3 - 33*u**2 - 110*u + 29. What is the thousands digit of y(-6)?
4
Suppose 2*n - 1921 = -301. Let l = -454 + n. Suppose 0 = -3*p + l + 295. What is the hundreds digit of p?
2
Let i = 10 - 13. What is the units digit of (-3)/5*150/i?
0
Let t be 3*9/(135/(-190)). Let s be 17/102 - t/(-12). What is the units digit of s + 4/1 + 3?
4
Let a be (-2 - -4 - -2)/((-68)/3298). What is the hundreds digit of (-16)/24*-9*a/(-3)?
3
Let x(q) = -112*q. Let w be x(1). Suppose 2*j + 604 = 3*z, -12 = -2*j - j. Let i = w + z. What is the units digit of i?
2
Let k(l) = 9413*l**2 + 13*l + 28. What is the ten thousands digit of k(-2)?
3
Let k(j) = 20064*j - 233. What is the ten thousands digit of k(1)?
1
Suppose 3*i - 6*g = -g, 5*i + 5*g = 40. Suppose -3*r = -0*r + 4*w - 2999, -4*w = -i*r + 4945. What is the hundreds digit of r?
9
Suppose 39 = 3*z + 3*f, 3*z + 4*f - 3 = 41. Suppose -z*x = -3096 + 816. What is the units digit of x?
5
Let b = -21689 - -56926. What is the hundreds digit of b?
2
Let j be (-13)/((-78)/36) - 14. Let c(o) = 2*o**2 + 17*o + 42. What is the tens digit of c(j)?
3
Let s(j) = 865*j**2 + 12*j + 2. What is the thousands digit of s(3)?
7
Let u be 8*5*9/90. What is the tens digit of 336 + -5*u/20?
3
Let c(k) = -3*k**3 - 88*k**2 - 53*k - 155. What is the tens digit of c(-30)?
3
Let y be -714 + -18 - -1*7. Let z = y - -783. What is the tens digit of z?
5
Suppose 4*a - 2*o - 346 = 0, 10 = o - 3*o. Let i(g) = -2*g**3 + 10*g**2 + 6*g + 5. Let u be i(6). Let d = a + u. What is the units digit of d?
3
Let b = -23328 - -34980. What is the thousands digit of b?
1
Let n be ((-68592)/66)/(-4) + 10/55. Suppose -470 = -x + n. What is the units digit of x?
0
Let h be 1/(-2)*18/(-3). What is the hundreds digit of (-2)/(h/1098*-2)?
3
Let h(t) = 1 + 7 - 33 + 6*t. Let g = -52 + 69. What is the units digit of h(g)?
7
Suppose -25*m + 95056 + 161544 = 0. What is the units digit of m?
4
Let p(u) = -2*u**3 - 4*u**2 + 7*u - 3. Let k be p(-4). Suppose k*q - 603 = 783. What is the units digit of q?
2
Let g(s) = 15*s**2 + 114*s + 178. What is the units digit of g(-54)?
2
Let y(r) = 36*r**2 - 9*r + 257. What is the thousands digit of y(22)?
7
Let o(q) = 4*q - 26. Let y be o(7). Suppose y*t - 2*t = t. Suppose -3*u + 294 = -2*w, t = 3*u + w - 36 - 267. What is the units digit of u?
0
Suppose 5*l - 27913 = 3*d, 4*l + 12*d - 22352 = 9*d. What is the tens digit of l?
8
Suppose 38*k + 6*k - 1154252 = 0. Suppose -24*j + k = 7489. What is the tens digit of j?
8
Let x(i) = 105*i - 43*i - 10 + 70*i - 11. What is the units digit of x(3)?
5
Suppose 36*c - 43*c - 16107 = 0. What is the units digit of (-6 - 153/(-27))*c?
7
Suppose 95*n + 5647 - 4132 = 22415. What is the hundreds digit of n?
2
Let n(u) be the second derivative of -u**3/3 + 9*u**2/2 + 12*u. What is the units digit of n(2)?
5
Let y be 14/(56/510)*8/6. Suppose 8 = 2*b + 2. Suppose -3*r + y = 2*k - r, -b*r = 5*k - 435. What is the tens digit of k?
9
Suppose -3*v + c + 32228 = 0, -3*c = -0*v + 2*v - 21478. What is the thousands digit of v?
0
Suppose -3*y - 270 = -3*f, 59*y - 56*y = 0. What is the units digit of f?
0
Suppose -4*y - 2258 = -3*p, p - 2*y - 760 = 3*y. Let q be (-46)/(-14) - 3 - p/(-21). What is the units digit of (-20)/(-3)*q/30*8?
4
Let a(g) = 4*g**2 - 8*g + 2. Let t be a(2). What is the tens digit of 111 - (-2 + (1 - t))?
1
Suppose 16205 - 8162 = 24*a - 18837. What is the units digit of a?
0
Let w(s) = s**2 - s - 10. Let b(a) = -a**2 - a + 9. Let r be b(0). Suppose -3*t = 9, k - t + r = -6*t. What is the units digit of w(k)?
0
What is the hundreds digit of (-4241 + -359)*4/(-5)?
6
Let w(l) = 3*l**2 + 31*l - 506. What is the tens digit of w(-33)?
3
Suppose -4*v - d = -644, -7*v + 8*v - 170 = 2*d. Let i = -126 + v. What is the units digit of i?
6
What is the ten thousands digit of 35/(-10) - (-401185)/38?
1
Suppose 5*s - 4*l = 3*s + 2, 5*l - 5 = s. Suppose s*g + 5*x = 241 + 44, -g - 3*x + 49 = 0. What is the tens digit of g?
6
Suppose 410*i - 766*i - 2001087 = -389*i. What is the units digit of i?
9
What is the units digit of ((-655599)/(-189) - 2/(-9)) + (-6)/1?
3
Let i(s) = s**3 + 27*s**2 - 11*s - 22. Let l be i(-30). What is the units digit of 22/3 - 8 - l/6?
8
Let d = 1 - 1. Suppose -3*b - 70 + 64 = -2*m, -2*b + 22 = 3*m. Suppose z - o - 5 = 0, -6 = -z - d*z + b*o. What is the units digit of z?
4
Let k = 281 + -272. Let c = 3266 + -2167. Suppose -c = k*a - 16*a. What is the units digit of a?
7
Let p = 246 - 619. Let c = -208 - p. Suppose -3*v - 3*m + c = 0, -v + 86 = -5*m + 1. What is the tens digit of v?
6
Let v(k) = 17*k**2 + k + 1. Suppose 0 = -5*g + 3*x, 0*x = 3*x - 15. Suppose -g*d = -d - 4. What is the tens digit of v(d)?
7
Let s = -11256 - -18100. What is the tens digit of s?
4
Suppose 6*u + 32 = 2. Let y be (-3 - u)*(-3 - (-2 + 3)). What is the units digit of 655/4 + (-2)/y?
4
Let j(d) = -37*d + 72 - 31 - 21*d + 19. What is the units digit of j(-2)?
6
Suppose 289*i = 257*i + 1334720. What is the ten thousands digit of i?
4
Let p(x) = x**3 + 27*x**2 - 29*x - 18. Suppose s - 4*n = -12, 8*s - 5*s + 104 = -5*n. What is the units digit of p(s)?
0
Suppose 2075*i + 28514 = 2076*i. What is the units digit of i?
4
Let a(t) = -41*t - 103. Let s be a(16). Let y = s + 1460. What is the tens digit of y?
0
Let p(t) = t**3 + 15*t**2 + 14*t - 5. Let h be p(-14). Let l(n) = 9*n - 51. Let b(a) = -5*a + 25. Let q(k) = h*b(k) - 3*l(k). What is the tens digit of q(-14)?
5
Suppose 394168 = -2*x + 234*x. What is the units digit of x?
9
Let y(o) = o**2 + 32*o + 91. Let s be y(-29). What is the hundreds digit of ((-81)/s)/(909/304 + -3)?
0
Suppose 0*g - g = 3*x - 5037, 0 = -5*g - x + 25115. Suppose -6*h = -1614 - g. What is the thousands digit of h?
1
Suppose -n + 265 = 3*x, -3*n - 11*x + 7*x + 815 = 0. Su